6. Let r(x) = -2*x**s - 458*x - 2*x**3 + 459*x. Suppose 4*z - 9 + 5 = 0. Calculate r(z).
-3
Suppose 24 = 3*d - 0*u + 3*u, 4*d + 2*u = 24. Suppose -d*k = x - 9, 4*k - 3*x - 7 = -k. Let m(c) = 2*c**2 + c. Give m(k).
10
Let g(k) = 7*k**2 - 1. Let d = 13 + -11. Let l(h) = 14*h + d*h**3 - 11 + 0*h**2 - 25*h - 3*h**3 - 11*h**2. Let y be l(-10). Calculate g(y).
6
Let z(o) = o + 8. Let v be z(7). Suppose s = -v - 18. Let q = s - -25. Let w(j) = -j**3 - 7*j**2 + 9*j + 6. Determine w(q).
-2
Let x(a) = -2*a**3 - 7*a**2 - 2*a + 3. Let u(t) = -t**3 - 4*t**2 - t + 2. Let i(z) = 7*u(z) - 4*x(z). Let k be (1 + -1)*(6 + 0)/(-12). Determine i(k).
2
Let g(t) = 2*t**2 + 1. Let c(a) = 9*a**2 - 2*a + 7. Let z(r) = c(r) - 5*g(r). What is z(2)?
-6
Let w(o) be the third derivative of -11*o**2 + 1/24*o**4 + 0 + 0*o + 3/2*o**3. Suppose -3*m = -2*b + 19, -46 = 5*m + 3*b - 8. What is w(m)?
2
Suppose -5*d - 26 - 11 = 3*o, 115 = -5*o + 5*d. Let c(a) = a**3 + 18*a**2 - 19*a + 2. Determine c(o).
2
Let c(m) = m - 1. Let a(n) = -2*n. Let t(p) = -a(p) - 3*c(p). Determine t(-4).
7
Suppose -130*g = -140*g + 50. Let a(p) = -p - 11. What is a(g)?
-16
Let b(d) = -d**3 - 7*d**2 - 2*d - 7. Suppose -8*w = -10*w + 42. Let a = w - 19. Let f be (-29)/4 - a/(-8). Calculate b(f).
7
Let x(b) be the third derivative of -b**5/120 - 5*b**4/24 - 7*b**3/3 - 3*b**2. Let v(q) be the first derivative of x(q). Determine v(6).
-11
Suppose q + 8 = -2*w, 3*w + 5 = -12*q + 14*q. Let x(j) = 2*j + 3. Give x(w).
-3
Suppose 5*l + 3*b = -3, -2*l + 0*l + b - 10 = 0. Let p be -6 - 0 - -3 - l. Let h(x) = -43 + p*x - x + 36. Calculate h(0).
-7
Let r(y) = 66*y**2 - 202*y**2 + 10*y + 71*y**2 + 64*y**2 - 4. Determine r(9).
5
Let b(m) = m + 29. Let q be b(-5). Let k be q/(-228) - 131/19. Let x(s) = -s**2 - 6*s + 4. Calculate x(k).
-3
Let y be (-144)/(-112) - (-4)/(-14). Let z be ((-3)/(-12))/(y/(-4)). Let q(k) be the second derivative of -k**4/6 - k**3/6 - k**2/2 - 2*k. Calculate q(z).
-2
Let u(a) = a**3 - 6*a**2 - 5*a - 12. Let h be u(7). Let f(j) = -43 + 4*j**h + 0*j**3 + 38 + j**3. What is f(-4)?
-5
Let s(c) be the first derivative of c**2/2 - 2. Let l be (-37)/(-5) + (-6)/15. Let y be l + (-5 - (-2 - 0)). Determine s(y).
4
Let f(s) = -s**3 - 5*s**2 - 5*s. Let x be f(-4). Let c(n) = x*n + 0*n - 5*n. Let m be ((-1)/4 - 0)*(182 - 198). What is c(m)?
-4
Let f(z) be the first derivative of -z**4/12 - 5*z**3/6 - 2*z**2 - z - 2. Let y(q) be the first derivative of f(q). Let j(c) = -c - 4. Let x be j(2). Give y(x).
-10
Let t(k) = 65 + 8*k - 30 - 30 - k**2. Let h(g) = -g**2 + 15*g + 9. Let p(z) = 3*h(z) - 5*t(z). Determine p(-3).
5
Let n(s) = 2*s**3 + 11*s**2 + 5*s + 5. Let r(p) = 3*p**3 + 17*p**2 + 8*p + 8. Let j(b) = -8*n(b) + 5*r(b). Let l be (2*1)/((1032/48)/(-43)). Give j(l).
16
Let j(f) = 43*f**2 - 11*f**2 - 22*f**2 - 9*f**2 - 10*f. Let a(h) = h**2 + 2*h - 1. Let g be a(2). What is j(g)?
-21
Let f be -5*-6*4/(-120). Let w(g) = -4*g**2 - 2*g - 1. Determine w(f).
-3
Suppose 13*l - 10 = -23. Let z(b) be the first derivative of b - 3*b + b**2 - b + 4*b - 3. Determine z(l).
-1
Let o(z) = 3*z**3 - 45*z**2 - 43*z + 10. Let x(k) = 4*k**3 - 67*k**2 - 64*k + 14. Let l(r) = -7*o(r) + 5*x(r). Determine l(-19).
0
Let l = 7 - 0. Suppose 5*t + 1 = -3*c + 22, -5*t + l = -4*c. Suppose 5*h + 10 = c*s + 2*s, -11 = -3*h - s. Let q(w) = 2*w. What is q(h)?
4
Let y(h) = -h**3 + 4*h**2 - 5*h + 2. Let k be -1 - (-9 + 1 + 5). Suppose -c + 7 = 3*x, -x - k*x = -5*c - 37. Calculate y(x).
-18
Let z(h) = -2*h**2 - h - 10. Let v(g) = -3*g**2 - 11. Let s(b) = 3*v(b) - 4*z(b). What is s(-2)?
-5
Let o = 671 - 659. Let h(l) be the second derivative of -1/12*l**4 + 0 + o*l + 5/6*l**3 - 1/2*l**2. Calculate h(5).
-1
Let o(s) = -57*s + 24 - 2*s**3 + 3*s**3 + 56*s + s**2. What is o(0)?
24
Suppose 11 = 3*y - 7. Let s = -1 + y. Let h(j) = s*j**2 + 18 - 33 + 14 + 2*j. What is h(1)?
6
Let f = 0 + 0. Let v be 0 - (f/(-2) + -2). Let q(a) = -440*a - 2 + 218*a + 6 + 216*a - 1. Give q(v).
-9
Let d(s) = 2*s + 1. Let o be d(0). Let f be (6 + -7)/(o/(-13)). Let k = -9 + f. Let t(m) = -2*m + 1. Calculate t(k).
-7
Let p = 38 + -33. Let n(j) = p*j + 1 - 4 + 4 + 0. What is n(1)?
6
Let j(y) = -y**2 - 4*y + 8. Let l(m) = m**2 + 4*m - 1. Let v be l(-5). Suppose v*u - 2 = -5*f + 8*f, 0 = -5*f + 2*u - 22. Give j(f).
-4
Let h = -9 + 9. Let s(p) = p**3 + p**2 + p - 16. Calculate s(h).
-16
Let u = 36 + -31. Let w be (u/(-3))/((-2)/(-6)). Let r(o) = -2*o - 4. Let c(y) = -3*y - 7. Let j(l) = -3*c(l) + 5*r(l). Determine j(w).
6
Suppose y - 26 = 5*t, 32 = -65*t + 61*t - 2*y. Let j(q) = -q**2 - 8*q - 3. Let v(k) = -1. Let r(s) = -j(s) - 3*v(s). Determine r(t).
-6
Let w be (-8)/((25/(-50))/((-9)/12)). Let z(x) = x**3 + 11*x**2 - 12*x + 2. Calculate z(w).
2
Let z(u) = -3*u - 4. Let p(q) = q**3 - 6*q**2 - 13*q - 7. Let j be p(6). Let a = j + 81. Determine z(a).
8
Let q(d) = -6 + 8 + 3 + d + 0 - 21. Determine q(11).
-5
Let g be 6/66 + 1/(-11). Let c(s) = s**3 - s**2 + 2*s + 27. Calculate c(g).
27
Let j(r) = -r**2 + 6853*r + 5*r**2 - 6841*r - 3*r**2. What is j(-9)?
-27
Let r(l) be the second derivative of l**4/12 + 3*l**3/2 + 7*l**2/2 - 210*l. Give r(-7).
-7
Let o(x) = 2*x**2 - 9*x + 2. Suppose 3*m - 16 = 3*u + 2, -14 = -4*m - u. Give o(m).
-2
Let v(z) = 2*z - 11. Let a = -399 + 412. Give v(a).
15
Let i(m) be the second derivative of -m**3/3 - m**2 - 93*m. Calculate i(2).
-6
Let p(i) be the first derivative of i**4/4 - 4*i**3/3 + 2*i**2 + i + 66. What is p(4)?
17
Let c = 17 - 17. Let s = 14 - c. Let u(y) = y + s - 12 - 7. What is u(0)?
-5
Let y be -4 + (-3 - 8/(0 + -4)). Let r(v) be the third derivative of -v**5/60 - v**4/3 - 7*v**3/6 - 6*v**2. What is r(y)?
8
Let p(g) = -g**3 - 5*g**2 + 3*g + 6. Let d(a) = a**2 - a - 1. Let c = -67 + 68. Let v(y) = c*p(y) + 3*d(y). Calculate v(-3).
12
Let h(o) = -5*o + 1. Let i(w) be the first derivative of w**2/2 - 20*w - 16. Let y be i(18). Determine h(y).
11
Let v(u) = u**2 + 11*u + 6. Let c be ((-40)/6)/((-28)/(-42)). Give v(c).
-4
Let f(u) = -28 - 15*u + 10*u + 6*u + 25. What is f(4)?
1
Let k be (-15)/3 + 21*12/28. Let t(j) = -j**2 + j + 14. Determine t(k).
2
Let q(i) be the first derivative of i**3/3 + 4*i**2 + 9*i + 146. What is q(-6)?
-3
Let w(q) = 3*q**2 + 34*q - 3. Let o be w(-11). Let u(z) = -z**3 - 13*z**2 + 15*z + 10. Calculate u(o).
-4
Suppose 5*f + 5 = 0, 2*c + 1 + 0 = -f. Let a(n) = 7 + 5*n + 17 - 6*n + 272*n**2 + n**3 - 273*n**2. What is a(c)?
24
Let w(h) = -3*h - 5. Suppose -22*v - 3 = -23*v. What is w(v)?
-14
Suppose -227*n = -233*n + 48. Let g(o) = o**2 - 7*o - 10. What is g(n)?
-2
Let v(n) = -n**3 + 4*n**2 + 3*n - 3. Let s(o) = -o**2 - 14*o + 20. Let d = 10 + -5. Let p be (-72)/d + 24/(-40). Let l be s(p). Give v(l).
-13
Let t(c) be the first derivative of -4 + 1/2*c**2 - 3*c**3 + 0*c. Determine t(1).
-8
Let x = -13 + 15. Suppose -2*o = n + 9, 3 = -x*o + o - n. Let i(d) = d**2 + 6*d + 7. Calculate i(o).
7
Let u = -1126 + 1133. Let m(s) = s - 16. Give m(u).
-9
Let x(l) = -2*l + 7160*l**2 + 2*l - 7162*l**2 - 3*l**3 + 3 + 2*l + 0*l**3. Calculate x(-2).
15
Let d(y) be the third derivative of -y**8/20160 - 7*y**6/720 - 7*y**5/12 + 39*y**2. Let q(c) be the third derivative of d(c). Give q(0).
-7
Let m(g) = 4*g**3 + g**2 - g - 1. Let f = 550 - 548. Give m(f).
33
Let g = 119 - 111. Let p(s) = -28*s**3 + 63*s**3 - 2*s + s**2 + 1 - g*s**3. Determine p(1).
27
Let j be ((-15)/6 - -2) + 90/(-4) + 18. Let h(t) be the first derivative of -t**2/2 - 3*t - 1. Calculate h(j).
2
Let h(n) = -n**3 - 19*n**2 + 19*n - 21. Let m(p) = 3*p + 25. Let c be m(-15). Determine h(c).
-1
Let n(c) = -30*c + 29*c - 2 + 15 - 27. What is n(-9)?
-5
Let u(q) = -q**2 + 6*q + 10. Let w be -6*(-2)/(-3) + (-2 - -15). Calculate u(w).
-17
Suppose -g + 2 = -4*b + 6, -2*g + 6 = -b. Suppose 3*w - 4*h = -27, 0 = -2*w - b*h - 2*h + 2. Let f(c) = c**3 + 4*c**2 - 8*c - 7. What is f(w)?
8
Suppose t - 10*b + 6*b = 17, -b + 64 = 3*t. Let l(n) = 4*n - 13 + t - 10. Determine l(-2).
-10
Let c(b) = -b + 7. Suppose 49 = 5*w + 14. Let f(x) = -2*x + 8. Let y(p) = w*c(p) - 6*f(p). Let a be y(-1). Let k(m) = m + 4. Calculate k(a).
0
Let m(d) = 1. Let x(z) be the third derivative of -7*z**5/60 - z**3 - 15*z**2. Let q(l) = 5*m(l) + x(l). Determine q(-1).
-8
Let u(k) = 4*k**2 + k - 7. Let n = -266